?
-1010000000101
In base 11, what is 36 + -982?
-947
In base 14, what is -21 + -24900?
-24921
In base 16, what is -4 - 19a7d?
-19a81
In base 14, what is -3cc5d - -1?
-3cc5c
In base 2, what is 101100001101 + -1101110010?
11110011011
In base 10, what is -16127059 + 1?
-16127058
In base 12, what is -2b796 - -1?
-2b795
In base 9, what is -671 - -16?
-654
In base 4, what is 3 - 3123011?
-3123002
In base 5, what is 230 - 3044?
-2314
In base 9, what is -6264 - -614?
-5550
In base 11, what is -6405 - 118?
-6522
In base 14, what is -b8 + 5ca1?
5bc7
In base 10, what is -17 - 135945?
-135962
In base 8, what is 1 - -10770?
10771
In base 13, what is 5 + -82705?
-82700
In base 2, what is 10011 + 1100110101101000?
1100110101111011
In base 15, what is -254 + 139?
-11a
In base 10, what is -102931 + 4?
-102927
In base 11, what is 2 + 8a539?
8a540
In base 15, what is d177 + 2?
d179
In base 12, what is -1117 + 7a6?
-531
In base 4, what is -231200 + -121233?
-1013033
In base 4, what is 220211302 - 0?
220211302
In base 12, what is 5 - -5251?
5256
In base 6, what is -44234 - 11?
-44245
In base 5, what is 14 + -124200?
-124131
In base 9, what is 3 + 575134?
575137
In base 10, what is 9964 - -456?
10420
In base 4, what is 120203210 + 11?
120203221
In base 13, what is -1552a8 - -4?
-1552a4
In base 12, what is -4 + -b0a?
-b12
In base 13, what is -248 + 7?
-241
In base 3, what is 11001222012 + -12?
11001222000
In base 13, what is 3 + -14ca0?
-14c9a
In base 16, what is bb05 - -6?
bb0b
In base 16, what is -4 + -18007?
-1800b
In base 5, what is 22 - -2444?
3021
In base 3, what is -201111 - -210?
-200201
In base 11, what is -4081 + -101?
-4182
In base 3, what is -212210210 - -20020?
-212120120
In base 12, what is 74 - -aa6?
b5a
In base 2, what is 11100110110110000011 - 11?
11100110110110000000
In base 2, what is -100000000010110100100 - -10?
-100000000010110100010
In base 13, what is -314 + 62b?
317
In base 8, what is 7701 + -7?
7672
In base 7, what is 24331521 + -1?
24331520
In base 3, what is -11 - 100001001?
-100001012
In base 7, what is -3420 + 0?
-3420
In base 11, what is -18a4 + 0?
-18a4
In base 13, what is 156b + -323?
1248
In base 2, what is -1001001 - -100111110?
11110101
In base 14, what is -12bb + -3a?
-1317
In base 4, what is 1131110 + 33?
1131203
In base 11, what is 192 - -4579?
4760
In base 4, what is 3 + -22220321?
-22220312
In base 12, what is 24 + -669?
-645
In base 3, what is -11212 - -1120021?
1101102
In base 12, what is -65 - -8775?
8710
In base 10, what is 1770 + -46?
1724
In base 14, what is 6 - 10509?
-10503
In base 16, what is -18d56 - 2?
-18d58
In base 6, what is -554215 + -1?
-554220
In base 10, what is 18 + 1228?
1246
In base 12, what is 1277 + -10?
1267
In base 9, what is 634453 + 4?
634457
In base 15, what is 5 - -1bbdc?
1bbe2
In base 3, what is 1111112120 - 110?
1111112010
In base 3, what is -100020001202 - 12?
-100020001221
In base 10, what is 137 + -518?
-381
In base 16, what is -23 + -5b?
-7e
In base 8, what is -35204 + 4?
-35200
In base 13, what is 5 + 8c734?
8c739
In base 7, what is -2303 + 54?
-2216
In base 16, what is 5 - -17f996?
17f99b
In base 16, what is 13dea + -7?
13de3
In base 16, what is -36d39 + -2?
-36d3b
In base 16, what is -4b4 - 47?
-4fb
In base 15, what is -239 - b5?
-2ee
In base 14, what is 6d + -2c7a?
-2c0b
In base 14, what is 4 + -63625?
-63621
In base 6, what is -501312 - 102?
-501414
In base 14, what is -4da4 - 6?
-4daa
In base 15, what is -1 - -1a68a?
1a689
In base 3, what is 22222012 + 120?
22222202
In base 4, what is -101 + -1222?
-1323
In base 4, what is 2213233 + 3?
2213302
In base 15, what is -5 - 993?
-998
In base 10, what is -13861 + -3?
-13864
In base 16, what is -15f93 + 1e?
-15f75
In base 2, what is -111110 + -10101010001011?
-10101011001001
In base 2, what is -101010001101100 + -10000?
-101010001111100
In base 3, what is 2110201 + 2201?
2120102
In base 13, what is 2 - -123a17?
123a19
In base 9, what is 4757 + -1136?
3621
In base 14, what is -3 - 9dd00?
-9dd03
In base 14, what is -1c4 + 100?
-c4
In base 9, what is -16 - 3880?
-4006
In base 3, what is -212 - -2202012?
2201100
In base 6, what is 4 + 403132?
403140
In base 13, what is -4 + 19a663?
19a65c
In base 3, what is -1 - -2111211111021?
2111211111020
In base 5, what is -33 - -1300443?
1300410
In base 6, what is -534 - 222?
-1200
In base 14, what is 5d - -38?
97
In base 7, what is -33533 - -5?
-33525
In base 5, what is 231143140 + -1?
231143134
In base 6, what is 13 + -200051?
-200034
In base 9, what is 41265 - 4?
41261
In base 6, what is 2 + -125553?
-125551
In base 7, what is -24 - -50323?
50266
In base 14, what is -21 - -123?
102
In base 15, what is 420 + 4e?
46e
In base 10, what is 729687 - 3?
729684
In base 16, what is 1ebb18 + -1?
1ebb17
In base 16, what is -27c + -4d?
-2c9
In base 2, what is -1010100110001100 - 100100?
-1010100110110000
In base 11, what is -1 - -55046?
55045
In base 7, what is 0 + 13525?
13525
In base 7, what is -123536 - -16?
-123520
In base 5, what is -1 + -113131?
-113132
In base 13, what is 18460 + -5?
18458
In base 2, what is -10110010111011 - -11?
-10110010111000
In base 7, what is -42512 + -11?
-42523
In base 14, what is -5 + -1489a?
-148a1
In base 3, what is -120220002011 + -1?
-120220002012
In base 16, what is -113 + -a23?
-b36
In base 13, what is -b958b1 + -4?
-b958b5
In base 14, what is 5 - -236074?
236079
In base 3, what is -211 + -12121001?
-12121212
In base 2, what is 10010 - -111000011001?
111000101011
In base 4, what is 100123 - 1031?
33032
In base 4, what is -12213 - -123?
-12030
In base 7, what is 4623502 - 2?
4623500
In base 10, what is -444 + 6394?
5950
In base 6, what is 3034 - 514?
2120
In base 3, what is 1011 + -1222101?
-1221020
In base 12, what is -4 - -1456a0?
145698
In base 7, what is -4 + -646151?
-646155
In base 15, what is 9d75 - -4?
9d79
In base 12, what is -22a - -ab?
-13b
In base 7, what is 20 - 32316?
-32266
In base 2, what is 1001000001001001 - -11?
1001000001001100
In base 4, what is 3222 - -10230?
20112
In base 5, what is -33114 - 240?
-33404
In base 7, what is 235561 - -62?
235653
In base 15, what is -ced + -11?
-d0e
In base 4, what is 10331 + 210211?
221202
In base 2, what is -1001 + 11100110001110001?
11100110001101000
In base 15, what is -4244 - 5?
-4249
In base 16, what is -a498 - 2?
-a49a
In base 3, what is 212 + -100010111?
-100002122
In base 7, what is -5 - -1363514?
1363506
In base 13, what is -10ca9 - -5?
-10ca4
In base 3, what is 112 - 12012201?
-12012012
In base 5, what is 0 + -21044444?
-21044444
In base 11, what is -29 + -129?
-157
In base 10, what is 5 - 22811?
-22806
In base 4, what is 2123100013 - -2?
2123100021
In base 9, what is -11243 + -3?
-11246
In base 2, what is 10000101001110 + 10011110?
10000111101100
In base 10, what is 492 - -63?
555
In base 10, what is -19 + 3999?
3980
In base 13, what is -3 - 822b?
-8231
In base 11, what is -a88 + 6?
-a82
In base 12, what is -2643 + -34?
-2677
In base 3, what is -10021001000 + -12?
-10021001012
In base 6, what is -5 + -30115?
-30124
In base 11, what is -222278 - -2?
-222276
In base 16, what is -4 - -1f295?
1f291
In base 2, what is 1101010 + 11111010?
101100100
In base 16, what is e0e7 - -5?
e0ec
In base 4, what is 21301 - -202?
22103
In base 11, what is 39774 + -4?
39770
In base 9, what is -52757 - 16?
-52774
In base 16, what is 7549 + 4?
754d
In base 6, what is -2313 + -33?
-2350
In base 2, what is 101 - 1001101011?
-1001100110
In base 16, what is 17d919 - -1?
17d91a
In base 12, what is -7 + 3999a?
39993
In base 4, what is 2121010 + 11230?
2132300
In base 12, what is -24b8 - 210?
-2708
In base 4, what is -3 - -1333203322?
1333203313
In base 9, what is -1 - 14420?
-14421
In base 14, what is 7b6d - -66?
7bd5
In base 12, what is -2 - aba51?
-aba53
In base 10, what is 132375 - 3?
132372
In base 16, what is 431f - 6?
4319
In base 13, what is 3 - 156b0?
-156aa
In base 6, what is -140552340 - 0?
-140552340
In base 4, what is -10 + -23120011?
-23120021
In base 7, what is 6 - -11453?
11462
In base 12, what is 7993 - 4?
798b
In base 3, what is -212100121 - 1202?
-212102100
In base 14, what is -2 + -30674?
-30676
In base 11, what is -1142 + 52?
-10a0
In base 6, what is -325350 - 33?
-325423
In base 5, what is 1344321 - 33?
1344233
In base 